21232?
-121231
In base 12, what is 6 + 5615?
561b
In base 9, what is -383 - 3281?
-3674
In base 15, what is 3 + -9799?
-9796
In base 6, what is -10403 - 1020?
-11423
In base 2, what is 1100100010101 + 1111000?
1100110001101
In base 8, what is -137 - 16631?
-16770
In base 3, what is -101021211 + 120200?
-100201011
In base 8, what is 0 + 1042122?
1042122
In base 16, what is 5 - 3758?
-3753
In base 12, what is 15a + -481b?
-4681
In base 8, what is -54 + 1242?
1166
In base 16, what is 5 - 1b3b?
-1b36
In base 16, what is 2 - -45d20?
45d22
In base 5, what is 10 - -42120201?
42120211
In base 11, what is -4 + -312a8?
-31301
In base 2, what is -10110001100011100 - -10?
-10110001100011010
In base 2, what is 1101010100000 + -100001?
1101001111111
In base 6, what is -100544014 - 5?
-100544023
In base 15, what is c81b - 1?
c81a
In base 13, what is -2 + c873c?
c873a
In base 10, what is 72 - 3551?
-3479
In base 14, what is -793 - -166?
-62b
In base 8, what is -4 - 113313?
-113317
In base 7, what is -162 - -20005?
16513
In base 8, what is 2 + -17467?
-17465
In base 4, what is -210 - -103110122?
103103312
In base 5, what is 10 + 22003112?
22003122
In base 13, what is 29a84a - -4?
29a851
In base 15, what is -235a4 + -9?
-235ad
In base 6, what is -35041 + -351?
-35432
In base 8, what is -12 - -1617701?
1617667
In base 3, what is 1 + 10210202?
10210210
In base 5, what is -21 + 21300?
21224
In base 15, what is -192 - 60?
-202
In base 7, what is 16 - -2444654?
2445003
In base 12, what is 4 + 12354?
12358
In base 9, what is -17 - 4063?
-4081
In base 16, what is 1a4 - -68?
20c
In base 16, what is -588b + -3?
-588e
In base 11, what is 11391 + -5?
11387
In base 14, what is -d3 + -7?
-da
In base 15, what is 1 - -58b5?
58b6
In base 7, what is 3 + 6522?
6525
In base 13, what is -1368 + -17?
-1382
In base 5, what is 21 + 431?
1002
In base 15, what is -738ba + b?
-738ae
In base 2, what is 11 - -110001110100001110011?
110001110100001110110
In base 7, what is -2 - 2110123?
-2110125
In base 8, what is 3066323 + -4?
3066317
In base 9, what is 8654 - -43?
8707
In base 8, what is 14 - 1222771?
-1222755
In base 15, what is 1 - -115cc?
115cd
In base 16, what is 137 + 1?
138
In base 2, what is 10 + -1111100101111100?
-1111100101111010
In base 10, what is 343871 - -4?
343875
In base 11, what is -1941295 - 1?
-1941296
In base 10, what is -14 - 24117?
-24131
In base 13, what is -ac - -129?
4a
In base 11, what is 2283 - -284?
2557
In base 15, what is -818 - -38?
-7d0
In base 13, what is 1146 + -204?
c42
In base 10, what is 35 + -23312?
-23277
In base 5, what is -2 + 330233022?
330233020
In base 16, what is 4 - -46da?
46de
In base 13, what is 77815 + 5?
7781a
In base 12, what is -4359 + 1?
-4358
In base 9, what is -3 + 47860?
47856
In base 14, what is -5 - -a0799?
a0794
In base 15, what is -490 - -19?
-476
In base 5, what is -1202422 + -110?
-1203032
In base 16, what is -5 - -4c45?
4c40
In base 14, what is 78 + 534?
5ac
In base 10, what is 4 + 1312375?
1312379
In base 7, what is 60 - 5316?
-5226
In base 14, what is c - -2b4?
2c2
In base 8, what is -1623 + 16?
-1605
In base 14, what is -a6 - 1a9?
-271
In base 5, what is -1000 + -122404?
-123404
In base 13, what is -1 - -17c5?
17c4
In base 9, what is -4 + 7?
3
In base 6, what is 41552 + -534?
41014
In base 13, what is -96214 - 7?
-9621b
In base 14, what is 8853 + -a?
8847
In base 12, what is 0 + b8b8?
b8b8
In base 3, what is 2 + -2001022021100?
-2001022021021
In base 6, what is 222 + 2420?
3042
In base 10, what is 2 + 380062?
380064
In base 5, what is 11 - -11220304?
11220320
In base 7, what is -165 + 365?
200
In base 11, what is 2 + 60162?
60164
In base 4, what is -2 - 11002302102?
-11002302110
In base 2, what is 1101 - -101011110001000111?
101011110001010100
In base 12, what is -164 - -6b2?
54a
In base 4, what is -11303010 + 1?
-11303003
In base 5, what is 12 - -1143?
1210
In base 9, what is -5105538 - 3?
-5105542
In base 6, what is 0 + -5552323?
-5552323
In base 6, what is 11 + 42211?
42222
In base 13, what is -5c + -50?
-ac
In base 2, what is -1 - 1000000000111011?
-1000000000111100
In base 7, what is -132 + 51?
-51
In base 7, what is -1 + -42311?
-42312
In base 5, what is -11024 + -24?
-11103
In base 12, what is b - -109?
118
In base 6, what is -2150 - 143?
-2333
In base 13, what is 133812 + 6?
133818
In base 15, what is -34bc7 - 0?
-34bc7
In base 2, what is -11 - -101100000010?
101011111111
In base 9, what is 70 - -234?
314
In base 12, what is -4 + -4057?
-405b
In base 12, what is a2a - -2?
a30
In base 11, what is -676a8 - -4?
-676a4
In base 6, what is 2322 + -540?
1342
In base 2, what is -111111 + 101001001110?
101000001111
In base 4, what is -113 + -223031?
-223210
In base 14, what is -b + 2bc?
2b1
In base 14, what is 1a - -21018?
21034
In base 9, what is 0 - -843532?
843532
In base 15, what is 4 + a3613?
a3617
In base 11, what is -3129 + -171?
-329a
In base 4, what is 3330010210 + -1?
3330010203
In base 2, what is -10001011110101 - -10101?
-10001011100000
In base 16, what is -10 - 3fdb?
-3feb
In base 10, what is -136 - 6377?
-6513
In base 10, what is 1159 + 270?
1429
In base 14, what is b5c8 + -8?
b5c0
In base 12, what is 79 - 285?
-208
In base 9, what is 4 - -212117?
212122
In base 15, what is 1 - 4a286?
-4a285
In base 6, what is -103 + -31342?
-31445
In base 9, what is -31 - 236?
-267
In base 12, what is 5 - -1476?
147b
In base 15, what is 5 + -62a6?
-62a1
In base 11, what is 3 - 21576?
-21573
In base 8, what is 10 + -64?
-54
In base 3, what is 20020201102 - -20?
20020201122
In base 10, what is -25660 + 6?
-25654
In base 9, what is -5 + -21520?
-21525
In base 7, what is 0 - 224315?
-224315
In base 16, what is c77b - d?
c76e
In base 16, what is -16d0 + 4?
-16cc
In base 7, what is 1063 + 515?
1611
In base 16, what is -6062 + 0?
-6062
In base 12, what is 4264a8 + 5?
4264b1
In base 3, what is -1011220012 - -100?
-1011212212
In base 6, what is -2 - 511411?
-511413
In base 16, what is 0 + 5bf3c?
5bf3c
In base 14, what is 1b903 - -4?
1b907
In base 15, what is -11 - 67?
-78
In base 11, what is -5036 + -226?
-5261
In base 4, what is 13 + 1000321?
1001000
In base 3, what is -10 + 12211220020?
12211220010
In base 16, what is 5 - 24ba4?
-24b9f
In base 13, what is 572 - -15a?
6cc
In base 15, what is -2 + 79374?
79372
In base 6, what is -3013 + 10215?
3202
In base 11, what is -2899 - 3?
-28a1
In base 6, what is -11 - -1101525?
1101514
In base 10, what is 35975 + 1?
35976
In base 4, what is -33320220 + -131?
-33321011
In base 3, what is -1121112 + -211221?
-2110110
In base 4, what is 2330 + 2003111?
2012101
In base 3, what is 122021000212 - 0?
122021000212
In base 9, what is 2800 - -83?
2883
In base 13, what is -73b7 - -a?
-73aa
In base 15, what is -2e - -6742?
6713
In base 4, what is -3302332000 + -2?
-3302332002
In base 10, what is 364 - 608?
-244
In base 2, what is -101100000110 - -11011?
-101011101011
In base 3, what is 100110022 - -222?
100111021
In base 5, what is 41 - -4402?
4443
In base 8, what is -266 + 34006?
33520
In base 3, what is 0 - 10012100012?
-10012100012
In base 7, what is 122214 + -6?
122205
In base 15, what is -1 + 36bd8?
36bd7
In base 2, what is 111010000 - 111101100?
-11100
In base 3, what is -2202020 - 1?
-2202021
In base 3, what is 112211 + -112202?
2
In base 10, what is -90420 - -3?
-90417
In base 8, what is 34757363 - -5?
34757370
In base 15, what is -5dba8 + 6?
-5dba2
In base 2, what is 10 - 101001101010000?
-101001101001110
In base 11, what is a4 - 45a9?
-4505
In base 12, what is 22 - 823?
-801
In base 12, what is 263 + -123?
140
In base 7, what is 35 + -2054?
-2016
In base 9, what is -3210 - -43?
-3156
In base 7, what is -24 + 655?
631
In base 8, what is 4 - -530?
534
In base 14, what is -6592 - 6?
-6598
In base 15, what is -1d96e - 3?
-1d972
In base 14, what is 302070 - -2?
302072
In base 5, what is 10 - -41423?
41433
In base 12, what is -1733 + 33?
-1700
In base 9, what is -1 + 53607?
53606
In base 7, what is -12121 + -254?
-12405
In base 2, what is -1 + 10011100001100?
10011100001011
In base 2, what is -11 + 100100011110?
100100011011
In base 7, what is -1 + -522542?
-522543
In base 15, what is -5 + 38528?
38523
In base 5, what is -244 + -33?
-332
In base 12, what is -282 + -437?
-6b9
In base 11, what is -